(x) = -x**3 - 1. Suppose 3*w - 3 = 0, 0 = 4*v + v - w + 61. Let z(k) = k**2 + 16*k + 47. Let c be z(v). Give o(c).
0
Let z(i) = 2*i - 2. Suppose 360 = -70*q + 25*q. What is z(q)?
-18
Let q = -55 + 60. Let b(i) be the second derivative of -q*i - 4/3*i**3 - i**2 + 0 - 1/12*i**4. Determine b(-6).
10
Let l(t) = 2*t - 303*t**2 - t - 1 - 3*t + t**3 + 298*t**2 + 3*t. Suppose 0 = -5*r - 2*p + 13, 3*r + 3*p - 12 = 6*p. Suppose 0 = -2*o + 5 + r. Determine l(o).
-13
Let a(w) = 3*w - 59. Let n be (-40 + 76)/(-2 + 4). Determine a(n).
-5
Let o(x) be the third derivative of x**6/120 - x**5/30 + x**4/12 - x**3/2 + 228*x**2. Determine o(3).
12
Let w(f) = 4*f + 6. Let y be 14*(4/8)/1. Let o be (3 - 2)/((y/4)/(-7)). Calculate w(o).
-10
Let a = 6 - 4. Let b be a/8 - (-4)/(-16). Let x(j) = j + j**2 + 2 - 2 + 0*j**2 - 9 + 1. Calculate x(b).
-8
Suppose 2*u = m + 217, 137 + 373 = 5*u + 4*m. Suppose u*r - 28 = 102*r. Let k(h) = -h**3 + 8*h**2 - 6*h - 10. Give k(r).
-3
Let r(m) = 2*m**3 + m**2 - 3*m + 2. Let s(h) = -4*h - 94. Let u be s(-24). Determine r(u).
16
Let b(c) = 3 - c**3 + c - 101*c**2 + 54*c**2 + 54*c**2 + 0*c**3. Calculate b(7).
10
Suppose -k + 37 = 29. Let h(r) = -r**3 + 8*r**2 - r. Calculate h(k).
-8
Let n(d) = 3*d**3 - 22*d**2 + 17*d - 2. Let x(f) = -f**3 + f**2 + f. Let w(j) = -n(j) - 2*x(j). Give w(19).
2
Suppose -4*m = -305 + 329. Let o(y) = y**3 + 6*y**2 - 3*y - 8. Give o(m).
10
Let v(h) = h**3 - 2*h + 1. Let x be (-8)/(-20)*1 + 12/(-5). Calculate v(x).
-3
Let m(a) = -6*a**3 + a**2 + 3*a - 6. Let c(d) = -d + 1. Let v(h) = -2*c(h) - m(h). Let r(q) = -q**3 + q**2 - 1. Let y(p) = 5*r(p) + v(p). Give y(-2).
9
Let x(y) = 2*y**2 - 14*y + 30. Let z be x(5). Let p(w) = w**2 - 11*w + 18. Give p(z).
8
Let n(b) = b**2 + 7*b - 6. Suppose -4*u - 28 = 19*r - 17*r, -2*r + 4 = -4*u. Give n(r).
-12
Let c(q) = 5*q**2 - 9*q + 8. Let w(d) = -14*d**2 + 25*d - 23. Let i(m) = 11*c(m) + 4*w(m). Let v = -4 + 7. Let l be (v - 0)/(0 - -1). Give i(l).
-10
Let x(k) be the first derivative of -k**4/4 + k**3/3 + 4*k**2 + 31. Let q(o) be the second derivative of x(o). What is q(2)?
-10
Let h(l) = -3*l**2 - 10*l - 2. Let y(f) = -42 - 40 + 79 - 20*f - 7*f**2. Let i(x) = 5*h(x) - 2*y(x). Determine i(-9).
5
Let j = 53 + -48. Let t(z) = -z**2 + 6*z - 1. Calculate t(j).
4
Suppose p = 3*d - 254, 4*d - p = -3*p + 332. Let m = d + -83. Let h(n) = 2*n**3 + 1. Give h(m).
3
Let f be (-8)/12 - (-100)/(-12). Let j = -7 - f. Let u(y) = -j*y**2 - 8 + 3 - 8*y + y**2. What is u(-5)?
10
Suppose -5*g - 7*n + 2*n = 0, 12 = 5*g - n. Let t(u) = -10*u - 2. Let q(m) = -7*m + 13*m - 5*m. Let d(l) = -4*q(l) - t(l). Give d(g).
14
Let u(y) = -3*y + 20. Let m be (18/24)/((-1)/(-8)). Let x be u(m). Let v(a) = 14 + 0*a**2 - a**2 + a + 2*a**x. Give v(0).
14
Suppose -u + 2*u + 28 = 0. Let f be 52/(-16) + (-7)/u. Let t(r) = -r**2 + 2. Give t(f).
-7
Let l(x) = x**2 - 20*x + 53. Suppose o + 4*u - 1 - 36 = 0, 2*u - 61 = -3*o. Give l(o).
2
Suppose 0 = -b + 3*b - 4. Let p(k) = 3*k**3 - 5*k**2 + 2*k + 9. Let l(d) = -d**3 + 2*d**2 - d - 4. Let c(n) = 5*l(n) + 2*p(n). What is c(b)?
4
Let t be 3*-1*(-8)/((-144)/18). Let q(a) = -a**2 - 8*a - 7. What is q(t)?
8
Let y(t) = 14*t - 14. Let x(j) = -5*j + 5. Let o(c) = 11*x(c) + 4*y(c). Let w be (8/32)/((-12)/288). Determine o(w).
-7
Suppose -3 + 68 = -13*h. Let y(f) = f**2 - 21. Give y(h).
4
Let s(u) be the first derivative of u**4/4 - 2*u**3/3 - 3*u**2/2 - 4*u + 15. Let m(k) = k**3 - 5*k**2 + 3*k - 1. Let x be m(5). Let h = x + -11. Determine s(h).
-4
Let a be ((-12)/15)/(2/50). Let c = 22 + a. Let t(p) = -c + 0*p**2 - 3*p - 4*p**2 + 5*p**2. Give t(3).
-2
Let k(s) = -s + 1. Suppose -20*v = -23*v + 21. Suppose -5*g + 0*g - 25 = 0. Let p = g + v. Give k(p).
-1
Let y(u) be the second derivative of u**5/4 - u**4/6 - u**3/3 - 2*u**2 - 4*u. Let f(k) = -4*k**3 + 3*k**2 + 3*k + 5. Let d(i) = -4*f(i) - 3*y(i). Give d(7).
-1
Let k(r) = -5*r - 3. Let i(j) = 4*j + 2. Let a(u) = -6*i(u) - 5*k(u). Let z be (-44)/(-10) + ((-6)/(-5))/(-3). Calculate a(z).
7
Let p(g) be the first derivative of 1/2*g**2 - 4 + 3*g. Calculate p(-3).
0
Let u(g) = -329*g + 149*g + 147*g. What is u(1)?
-33
Let m(i) = -i**3 + 7*i**2 - 7*i + 3. Let t be (390/50)/13 + 27/5. Determine m(t).
-3
Let w(h) = 5*h + 1. Suppose -2*g - 4*d = 3 + 3, 4*d = 4*g + 60. Let i = g + 9. Give w(i).
-9
Let m = -5 - -21. Let z = m - 16. Suppose h - 3 = -z. Let k(l) = -l**3 + 3*l**2 + 2*l - 2. What is k(h)?
4
Let v be 4/18 + 5916/108. Let k(l) = 119*l - v*l - 58*l. Calculate k(1).
6
Suppose 13 = 2*s + 3*f + 2*f, 0 = -f + 3. Let m = -42 - -44. Let k(c) = -13*c**m + c - 868 + 868. What is k(s)?
-14
Suppose -3*b = 4*b + 28. Let o(m) = -m**2 - 9*m - 7. Let z(g) = g + 1. Suppose f + 2*f = -6. Let s(r) = f*z(r) - o(r). Calculate s(b).
-7
Let n(g) = g**2 - 8*g - 3. Let i be n(13). Let o = i + -68. Let h(k) = k**2 + 7*k + 3. What is h(o)?
-3
Let u(o) = -183*o**3 + 182*o**3 - 4*o**2 + 4 + 5*o - 1. What is u(-5)?
3
Let q(d) = -d**3 + 15*d**2 - 12*d - 30. Let s be ((-42)/12)/(4/(-1*16)). Calculate q(s).
-2
Let x(f) = -f**2 - 2*f + 1. Let v(i) = 15 - 5 - 6*i**2 + 7*i**3 - 6*i**3 - 8*i. Let m be v(7). Suppose 0 = -4*t - 5*b - 41, -t + 6 = -m*b + b. Calculate x(t).
-7
Suppose 0 = -5*q + 3*w - 100, 6*w = -3*q + 2*w - 60. Let b be 9/(-15) + (-172)/q. Let a = b + -9. Let g(i) = -4*i**3 - 2*i**2 - 2*i - 1. Calculate g(a).
3
Let d(f) = f**3 + 4*f - 4 + 7*f**2 + 0*f**3 - 2. Suppose -194 + 158 = 6*l. What is d(l)?
6
Let m(g) = g**3 + 4*g**2 - 3*g - 8. Suppose -3*u = -j + 11, -j - 16 = 4*u - 2*j. What is m(u)?
-18
Suppose -24 = -5*m - 19. Suppose -z + 1 = -0*z, 3*z - 1 = 2*c. Let f(d) = 0*d - c - 4*d**3 + d - 6*d**3. Determine f(m).
-10
Let p(s) = -s**2 + s + 30. Let v be p(6). Let i(a) be the third derivative of 0*a**3 + 0 - 6*a**2 + 0*a + v*a**4 + 11/60*a**5. What is i(-1)?
11
Let h(y) be the second derivative of -y**5/60 + y**4/4 - y**3/2 + y**2/2 - y. Let u(q) be the first derivative of h(q). Let n = -1150 + 1154. Give u(n).
5
Suppose -4*z = -9*z - 5*q - 40, 4*q = -z - 14. Let s be (-28)/20 - z/(-10). Let b(o) = 4*o + 5. Let l(j) = 21*j + 26. Let y(n) = -11*b(n) + 2*l(n). Give y(s).
1
Let c(l) = 3*l**2 + l. Suppose 0 = 3*u + 15, -30 = -3*v + u - 10. Suppose v*a - 18 = -a. Suppose -d - k = -5, a*d = d + k - 2. What is c(d)?
4
Let h(k) be the first derivative of 4*k**2 - 3*k + 15 - 1/3*k**3. Determine h(6).
9
Suppose h + 24 = -3*h. Let j be -1 - (h - (-2 - 0)). Let a(q) = q + j + 2*q - 5*q. Calculate a(2).
-1
Let k(x) = -2*x + 5. Suppose -4 - 6 = 5*m. Let r(w) = 2*w + 25. Let c be r(-14). Let p be c - (m*3 + -2). What is k(p)?
-5
Let x(h) = -7*h + h**2 + 1 + 5 + h. Let i = -93 - -97. Suppose -5*r - 1 = -3*b + 27, 22 = i*b + r. Give x(b).
6
Let y(i) be the second derivative of -7*i**4/12 - 19*i**3/6 - 5*i**2/2 - 7*i. Let l(b) = -3*b**2 - 9*b - 3. Let p(q) = -5*l(q) + 2*y(q). Give p(-7).
5
Let r(t) = t**2 - 2*t - 1. Suppose -g - 16 = 5*l + 11, 3*l - 5*g = -33. Calculate r(l).
47
Let h(n) = 3 - 5*n - 4 - 1 + n**3 + n**2 + 6*n + 7. Give h(0).
5
Let q = -914 - -914. Let p(g) be the third derivative of -1/6*g**4 + q + 9*g**2 - 1/6*g**3 - 1/30*g**5 + 0*g + 1/120*g**6. Calculate p(3).
-4
Let a = -10 + -7. Let z be 7*-1 - (a - -14). Let n(m) = 3*m + 3. Determine n(z).
-9
Let p(j) be the first derivative of -j**3/3 + j**2 + 4*j - 6. Let g be p(5). Let x = -11 - g. Let v(o) = -o + 5. Give v(x).
5
Let y(z) = -z**2 + z - 1. Let n = -2 - -2. Suppose 3*t + 32 = 5*a, n*a + 4*a = -t + 12. Suppose -a*r - 14 = -6. What is y(r)?
-7
Let o(t) = t**2 - 7*t - 2. Suppose -2*v + 5*h = 3*h + 48, 5*v - 2*h + 117 = 0. Let c be (-14)/21 - v/3. Calculate o(c).
-2
Suppose -2 = -4*a + 3*a. Let o(d) be the first derivative of -3*d**2/2 + d - 13. Calculate o(a).
-5
Suppose 83 = -5*g + 83. Suppose g*k + 5 = -5*k. Let w(h) = -7*h**2 + 1. What is w(k)?
-6
Let k = -24 - -27. Suppose -k*c + 11 + 8 = 4*z, 0 = -4*c + 4. Let n(h) = h + 3. What is n(z)?
7
Let n(c) = c**2 + 8*c + 7. Let d be n(-7). Suppose 2*x = -5*z - 10, d*x = -z - 3*x - 2. Let s(b) = -3*b. Give s(z).
6
Let n(b) be the first derivative of b**3/3 + 23*b + 58. Let m(r) be the first derivative of n(r). Calculate m(-3).
-6
Suppose 4*t + 56 = -p, -t + 4*p = 2*p + 14. Let h be t/(-8) - 7/(-28). Suppose h*s + s = -12. Let c(u) = -u**2 - 5*